1601
Let v(c) = 87*c**2 + 32*c - 13. What are the prime factors of v(5)?
2, 3, 43
Let s(d) = -d**3 - 8*d**2 - 13*d - 6. Let q be s(-6). Let l be q - 1/(-2 - -1). List the prime factors of ((-18)/27)/(l/(-75)).
2, 5
Suppose -18*v - 1000 = -19*v + 4*u, -3*u = -5*v + 5085. What are the prime factors of v?
2, 3, 5, 17
Let k = 628 + -473. List the prime factors of k.
5, 31
Let c(n) be the third derivative of n**5/60 + n**4/6 - 4*n**3/3 + 16*n**2. List the prime factors of c(-20).
2, 3, 13
Suppose -26*u - 2764 = -15972. List the prime factors of u.
2, 127
Let s = 570 - -611. List the prime factors of s.
1181
Let y(h) be the second derivative of h**5/20 - h**4/6 - h**3/6 + 3*h**2/2 + 3*h. What are the prime factors of y(4)?
31
Let r = -4645 - -7847. List the prime factors of r.
2, 1601
Suppose 2*h - 4 = -0. Suppose -17 = h*v - 3*v. What are the prime factors of v?
17
Suppose 5*k + 5*p - 1015 = 0, -2*k - k + 2*p + 589 = 0. Suppose 2*d + 29 = k. What are the prime factors of d?
5, 17
Suppose -x - 5*j = -2890, 0 = -34*x + 32*x - 3*j + 5815. What are the prime factors of x?
5, 11, 53
Let j be (5 + 0)*(-12)/5. What are the prime factors of j/(-28) + 137/7?
2, 5
Let n(a) = -5*a**3 - a**2 - a. Let i be n(-1). Suppose 2*t - 15 = i. Suppose -y - 14 = 5*x, 4*x = -y - 0*x - t. What are the prime factors of y?
2, 3
Suppose -5*d = d - 66. Let b be (308/(-14))/((-2)/d). Suppose 3*p = b - 25. List the prime factors of p.
2
Suppose 0 = 2*v - 7 + 3. Suppose v*q = 3*q. Suppose q + 6 = w. What are the prime factors of w?
2, 3
Suppose g - 305 + 79 = 0. List the prime factors of (-48)/32*g/3*-1.
113
Suppose -32*s + 27*s - 70 = 0. Let k(h) = -h**3 - 13*h**2 + 11*h - 16. What are the prime factors of k(s)?
2, 13
Let v(h) = h**2 + 2*h + 4. Let n be v(-3). Suppose -3*p + 23 + n = 0. List the prime factors of p.
2, 5
Let o(n) = -n**3 + n + 316. Let a be o(0). What are the prime factors of a/12 + 2/3?
3
Suppose 4*w + w = 40. Suppose w*l = 3*l + 25. Suppose 4*z + 17 = l, -3*z = 4*t - 71. List the prime factors of t.
2, 5
Suppose -6*s - 130 = -2722. List the prime factors of s.
2, 3
Let z(x) = 3*x + 42. Let q be (162/(-12))/(6/(-8)). What are the prime factors of z(q)?
2, 3
Let z(f) = 2*f**2 + 2*f + 2. Let n be -3 - (3/(-1) + -2). Suppose -20 = -3*s + n*u, -u = -4*s + 2*u + 28. List the prime factors of z(s).
2, 3, 7
Suppose 0*u = 5*u. Let n be (3 - u) + -5 + -16. List the prime factors of 0 - -4 - (-2 + n).
2, 3
Let d(u) = -10*u + 2. Suppose -h - 2 = -0. Let o be d(h). Let q = -15 + o. List the prime factors of q.
7
Let a(p) = 5*p + 28. Let x be a(-8). Let s(c) = -8*c - 24. What are the prime factors of s(x)?
2, 3
Suppose -3*h + 4*h = 4. Suppose h = 3*z - 2. What are the prime factors of z?
2
Suppose m - n = 4*n + 500, 0 = 4*m - 4*n - 2016. List the prime factors of m.
5, 101
Let r = -124 - -342. List the prime factors of r.
2, 109
Suppose 0 = 2*g + 9*o - 11*o - 6492, 2*g - o = 6489. What are the prime factors of g?
3, 23, 47
Suppose -3*h = h. Let x be (h + -1)/((-1)/130). Suppose -3*m - x = -8*m. List the prime factors of m.
2, 13
Let v = -546 - -874. List the prime factors of v.
2, 41
Let a(c) = -c**3 + 14*c**2 + 17*c - 10. List the prime factors of a(7).
2, 113
Let s be (-30)/2*4/10. Let f(i) be the second derivative of i**3/6 + 11*i**2/2 + 2*i. List the prime factors of f(s).
5
Let i(c) = -12*c**2 - c + 1. Let d be ((-5)/10)/((-2)/4). Let o be i(d). What are the prime factors of ((-14)/6)/(2/o)?
2, 7
Suppose 0 = -2*c + 4, 5*p - 10 - 2524 = -2*c. Suppose -3*v + 64 + 40 = j, -p = -5*j - v. List the prime factors of j.
101
Let i(k) = k**3 - 8*k**2 - 3*k - 23. List the prime factors of i(11).
307
Let s = 6952 - 4213. List the prime factors of s.
3, 11, 83
Suppose 0*i - 5*i - 21 = -2*a, 0 = -4*a - 5*i - 3. Suppose -5*w - 15 = 0, -a*k - w = -k + 43. List the prime factors of ((-59)/(-4))/((-5)/k).
59
Let c = 559 + 667. List the prime factors of c.
2, 613
Let c = -16 + 24. Suppose -c*h = -350 - 210. What are the prime factors of h?
2, 5, 7
Let q(k) = k**3 - 9*k**2 + 11*k - 20. Let n be q(8). Suppose -n*u = -9*u + 210. List the prime factors of u.
2, 3, 7
Let b(m) = 2*m**3 - 22*m**2 - 82*m - 1. What are the prime factors of b(16)?
29, 43
Let o(u) = u**3 - 2*u + 21. Let l(d) = -d**2 + 1. Let k be l(1). List the prime factors of o(k).
3, 7
Let u(s) be the third derivative of 14*s**5/15 - s**4/24 - 4*s**2. Let x = 73 - 72. What are the prime factors of u(x)?
5, 11
Let p = 73 + -52. Let a = -17 + p. List the prime factors of a + (2/(-2) - -2).
5
Let p be 0/(1/(-1)*(8 + -10)). Suppose -402 = -4*g - 2*b, -g + 2*b = -p*b - 108. List the prime factors of g.
2, 3, 17
Let p = 6208 + -3366. List the prime factors of p.
2, 7, 29
Suppose -3 = -3*k, 3*l - 5*k - 172 - 1557 = 0. Let q = l - 313. List the prime factors of q.
5, 53
Let u be (-12)/42 - (-57)/(-21). Let i be (12/(-2))/(u + 1). Suppose 10 = i*c - 5. List the prime factors of c.
5
Let c = -12 + 5. Let g be (c - -2)*44/(-10). Let v = 23 + g. List the prime factors of v.
3, 5
What are the prime factors of -780*(-3 - (-33)/(-44))?
3, 5, 13
Let v = -143 + 76. Let h = 122 + v. Suppose 4*g + 3*u = 125, 0 = -2*g - 2*u + h + 7. List the prime factors of g.
2
Let j(r) = -r**3 + 4*r**2 - 2*r. Let f be j(3). Suppose -5*d - 540 = -17*d. Suppose 4*b - d - 35 = -f*m, 3*m = 4*b + 88. List the prime factors of m.
2, 7
List the prime factors of (-6979)/(-11) - (-60)/110.
5, 127
What are the prime factors of (508 - -1) + (18 - 6)/6?
7, 73
Let l(c) be the third derivative of -247*c**6/120 + c**5/15 + 5*c**4/24 + c**3/6 + 36*c**2. What are the prime factors of l(-1)?
13, 19
Let q be ((-110)/10)/(1 + -2). Let c = q - 8. Suppose c*g + 0*g = 72. What are the prime factors of g?
2, 3
Let q = 109 - -110. Suppose -3*w + q = 5*d - 46, -2*d + 250 = 3*w. What are the prime factors of w?
2, 5
Suppose 13 = -2*y - 2*l - 17, 2*y - 2*l = -18. Let j be (y/15)/(5/(-150)). List the prime factors of (-16)/j - 340/(-6).
2, 7
Let y(a) be the second derivative of 1/6*a**3 - 5*a + 0 - 4*a**2. What are the prime factors of y(12)?
2
Let x be 443 - -4*4/8. Suppose 9*y = -67 + x. List the prime factors of y.
2, 3, 7
Suppose 3*g + 3*i + 3 + 0 = 0, g = -3*i - 7. Suppose -46 = -g*w + 144. List the prime factors of w.
5, 19
Let w = -4 + 45. Let z = w - 17. What are the prime factors of z?
2, 3
Suppose 0 = 6*f - 2*f + 60. Let r = 8 - f. Suppose -n = 2*u - r - 40, -5*n = -15. List the prime factors of u.
2, 3, 5
Let l(q) = -q**3 + 9*q**2 - 2*q + 6. Let m be l(6). Let k = m + -30. List the prime factors of k.
2, 3
Let u(h) = -14*h - 6. Let y be u(4). Let w = y - -105. List the prime factors of w.
43
Suppose 6*m - 12*m + 660 = 0. What are the prime factors of m?
2, 5, 11
Let s = -3199 - -8345. What are the prime factors of s?
2, 31, 83
Suppose -2*v + v + 1308 = -2*c, 0 = c + 3. What are the prime factors of v?
2, 3, 7, 31
Let f(m) = 62*m - 26. List the prime factors of f(2).
2, 7
Let r(y) = y + 5. Let s be 4/(-20) + 19/(-5). Let d be r(s). Suppose -d - 5 = -2*c. What are the prime factors of c?
3
Let w(h) = 2*h + 15. Let c be w(-7). List the prime factors of (122/14 - c)/(6/28).
2, 3
Let f(y) = y**2 + 11*y + 6. Let m = -17 - -1. What are the prime factors of f(m)?
2, 43
Let c(z) = -z**3 - z**2 + 3*z - 11. Let i be ((-2)/6 + 39/36)*-8. List the prime factors of c(i).
151
Suppose 2*o - 2*t + 18 = 0, 3*t - 4*t = -2. Let w(q) = 2*q**2 + 8*q + 3. What are the prime factors of w(o)?
3, 5
Let g(o) = -4*o - 2. Suppose -2*y + 5*x = 2*y + 25, 0 = 4*y - 3*x + 23. Let h = 1 + y. List the prime factors of g(h).
2, 7
Let v(d) = 2*d**2 - 15*d - 20. Let p be v(9). Let f(q) = 5*q**2 - 9*q + 1. What are the prime factors of f(p)?
3, 61
Suppose -4*b - 340 = -3*f - 30, 4*b + 530 = 5*f. Let h = -22 + -50. Let m = h + f. List the prime factors of m.
2, 19
Let j = -1004 - -2131. List the prime factors of j.
7, 23
Let c(y) = -y**3 + y. Let g be c(-2). Suppose 0 = -2*r - g - 2. What are the prime factors of -3 - r - (2 - 53)?
2, 13
Suppose 25*v + 120888 = 117*v. What are the prime factors of v?
2, 3, 73
Suppose d - 43 = -4*p, -2*p - 59 = d - 4*d. Suppose d = -v - 9. Let i = v - -86. What are the prime factors of i?
2, 3
List the prime factors of (36/6)/(-2) - -665.
2, 331
Suppose -4*d = -89 + 29. Let j be 42/